-6). Let u(f) = f + 6. Determine u(m).
2
Suppose 0 = k + d + d, -14 = -4*k - d. Let x(g) = -3 + g + 9 - k*g. Give x(5).
-9
Let j(k) = -15*k + 4 + 25*k - 11*k. Calculate j(-5).
9
Let l(c) = -8*c**2 + 7*c - 9. Let t(u) = -7*u**2 + 7*u - 9. Let f(h) = 6*l(h) - 7*t(h). Let k be 8 + -1 + 1/(-1). What is f(k)?
3
Let b = 1 - -1. Let m(l) = 0*l**2 + 0*l**2 - 3 + l**2 - b*l. What is m(-2)?
5
Let j = -1 + 2. Let h(a) = 4*a**3 - 2*a**2 + a. Let p be h(j). Let f(k) = 4 + 4*k - 6 - p*k. Give f(-4).
-6
Let h(w) be the third derivative of w**6/120 + w**5/12 + w**4/8 - w**3/3 + 4*w**2. What is h(-3)?
7
Suppose -2*f - 9 = -1. Let r(s) = -s**3 - 4*s**2 - 3*s. Determine r(f).
12
Let b(g) = 3*g**3 - 3*g**2 + 2. Let k(x) = 7*x**3 - 7*x**2 + 5. Let d(h) = 5*b(h) - 2*k(h). Determine d(1).
0
Suppose -3*n + 23 = 4*s + 3, -5*n = -4*s + 20. Suppose 15 + 0 = 2*p + 3*h, n = p + 4*h - 20. Let k(a) = -a. Determine k(p).
0
Let q(z) = 2*z - 141 + 139 + 4*z. Give q(-2).
-14
Let l(o) = 4*o**3 + 3*o**2 - 9*o + 2. Let t(m) = 7*m**3 + 7*m**2 - 17*m + 4. Let b(x) = -5*l(x) + 3*t(x). What is b(-7)?
-5
Let b(g) be the third derivative of -g**4/4 + 6*g**2. What is b(-1)?
6
Let v(q) be the second derivative of -q**4/12 + 5*q**3/6 - 3*q**2/2 + 3*q. Give v(3).
3
Let o(y) be the second derivative of -1/20*y**5 - 1/3*y**3 + 1/3*y**4 + 1/2*y**2 - 3*y + 0. What is o(4)?
-7
Let b(o) be the first derivative of o**3/3 - 10*o + 17. Let i(k) = k**3 - 3*k**2 + k - 3. Let l be i(3). What is b(l)?
-10
Let w be -1*188/96 - -2. Let m(q) be the third derivative of -1/60*q**5 - w*q**4 + 0*q + 0 + 5/6*q**3 - 1/120*q**6 - q**2. Give m(0).
5
Let o(d) = d**3 - 4 + d + 1 + 8*d**2 - 5*d**2 + 2. Calculate o(-2).
1
Suppose 3*n - k - 2 = k, -n - 2*k + 6 = 0. Let x(j) be the first derivative of -j**4/2 + 4*j**3/3 - j**2 + 1. Calculate x(n).
-4
Let n(g) = -g - 1. Let v(p) = 11*p + 27. Let i(r) = -6*r - 13. Let l(k) = -5*i(k) - 2*v(k). Let u(z) = 2*l(z) + 18*n(z). What is u(5)?
-6
Suppose 5*r + 0*i + 2*i = -10, 0 = -3*r - i - 5. Let z(j) = -2*j**2 - j + r - 1 + 2*j**2 + 4*j**2. Determine z(-1).
4
Let i(n) = 2 + 0*n + n**2 + n - 2*n**2 - 4*n. Let y be i(-3). Let q(c) = 2 + 9 - 6 + 5*c - c**y. What is q(5)?
5
Let m(s) = -5*s - 14. Let a(x) = 2*x + 5. Let q(c) = -8*a(c) - 3*m(c). Calculate q(3).
-1
Let c(m) = m**2 - 1. Let j(p) = -12*p**2 + p + 12. Let z(r) = -22*c(r) - 2*j(r). Give z(-2).
10
Let y = 5 + -2. Let v(f) = f + 1. Let j be v(y). Let r(x) = 8 - 3 - 4*x + x**2 - 3. What is r(j)?
2
Let a be (-6)/2 + 0/(-1). Let x(i) = -i**2 + 2*i - 2. Let w(y) = 2*y**2 - 3*y + 3. Let q(v) = 2*w(v) + 3*x(v). Calculate q(a).
9
Let d(t) = -2*t**2 + 2*t + 4. Let y(x) = -x**2 - x + 1. Let s(r) = d(r) - 3*y(r). Let p be 2*2/(-4)*-5. Let z(n) = -n + 3. Let u be z(p). Determine s(u).
-5
Let k(v) = v**3 - 3*v**2 + 3*v + 2. Let a be 3 + 0 + (1 - -2). Suppose -3*d - 9 = -a*d. Calculate k(d).
11
Let s(j) = 2*j + 0*j - j**2 + 5*j - 3. Let n(l) be the third derivative of l**6/120 - l**5/20 + l**4/8 - 2*l**3/3 + l**2. Let i be n(3). Calculate s(i).
7
Let z(v) = v - 8. Let o = 12 - 4. Let a = o + -2. Let f be z(a). Let p(b) = b + 2. Give p(f).
0
Let u(s) = -5*s**3 - 8*s**2 - 3*s + 8. Let q(d) = -11*d**3 - 17*d**2 - 7*d + 17. Let i(p) = 4*q(p) - 9*u(p). Give i(-4).
0
Let t be 18/15*(-6 - -1). Let w(c) be the second derivative of c**4/12 + 7*c**3/6 - c**2/2 - 27*c. Calculate w(t).
-7
Let u(p) = -p - 7. Let b(a) be the third derivative of a**4/24 + 4*a**3/3 + 4*a**2. Let m(l) = 4*b(l) + 5*u(l). Determine m(-5).
2
Let t(d) = -d**3 + 5*d**2 + 5*d + 6. Let i be 9/6 + 27/6. Give t(i).
0
Suppose -2*p = 3*u + 56 - 10, -5*p = 5*u + 85. Let l(f) = -f - 10. Give l(u).
2
Let q(k) = k**3 - 3*k**2 - 4*k - 4. Let r(w) = w**3 + 4*w**2 - w - 1. Let g be r(-4). Let y be g*(-1 + 4/2). Suppose -4*c - y = -19. Determine q(c).
-4
Let r(t) be the first derivative of -t**4/8 - t**3/3 + t**2 - 1. Let u(i) be the second derivative of r(i). What is u(-4)?
10
Let f(k) = k**2 - 1. Let o(m) = -4*m**2 + 6*m + 5. Let s(u) = -5*f(u) - o(u). Let x be s(-6). Let q(w) = -w**2 + 2. Give q(x).
2
Let d = 33 - 32. Let b(c) = -5*c**2 - 1. Determine b(d).
-6
Let f(r) = -11. Let c(j) = j + 32. Let a(s) = -3*c(s) - 8*f(s). What is a(-6)?
10
Let p(l) = -l**2 - 3*l + 4. Let j be p(-3). Suppose -j*g - 1 - 39 = -3*a, -4*g = 3*a + 16. Let s(u) = u + 4. Give s(g).
-3
Let f(l) = -4*l + 2. Let j(u) = -2*u + 1. Let t(s) = -6*f(s) + 10*j(s). Suppose 0*z - 21 = -3*z. Suppose 2*o = -m, -3*o - z = 3*m - 1. Determine t(o).
6
Let i(u) = -3*u + 7 - 210*u**3 - 1 - 1 + 209*u**3 + 5*u**2. Calculate i(4).
9
Let w(f) = 7*f + 12 - 4*f**2 - 2*f + 6*f - 3*f. Let u(o) = 3*o**2 - 8*o - 11. Let z(l) = -5*u(l) - 4*w(l). What is z(-6)?
-5
Let l be 39/13 - 2*1. Let d(k) = 4*k**3 - k. Determine d(l).
3
Let p = -2 + -4. Let m be (-2)/(-6) - 4/p. Let d(c) = 4*c**3 - c + 1. Calculate d(m).
4
Let n(x) = 2*x - 3. Suppose 2*w = 5*u + 6, -3*w + 4*u - u = 0. Let g be w/(-4) - (-30)/20. Determine n(g).
1
Let w(p) = 2*p**2 + 16*p + 14. Let z(t) = t**2 + 8*t + 7. Let g(u) = -3*w(u) + 5*z(u). Determine g(-6).
5
Let b = 4 - 2. Suppose w - 4*o - 2 = b, -5*w = 3*o + 26. Let r(u) = u**2 + 4*u + 3. Give r(w).
3
Let t(m) = -m**3 - 4*m**2 + m + 2. Let s be t(-4). Let o(d) = -d**2 + 2. What is o(s)?
-2
Suppose 0 = 4*n - 3*n + 6. Let t(b) = -2*b - 3. Give t(n).
9
Let y(w) = 51*w**2 + 51*w**2 - 4 + 5*w - 101*w**2. Calculate y(-6).
2
Let x(d) be the third derivative of -d**5/60 - d**4/24 - d**3/3 + 8*d**2. Give x(0).
-2
Suppose -3*c + 6*c + 18 = 0. Let s(n) be the third derivative of 0 + 1/24*n**4 + 1/3*n**3 + 0*n + 3*n**2 - 1/120*n**6 - 1/10*n**5. Calculate s(c).
-4
Let l(k) = -7 - 3*k**2 + k + 0*k**2 - k**2 + 3*k**2. Determine l(0).
-7
Let p(o) = -o**2 - o. Let h(w) = 5*w**2 + w + 1. Let v(z) = h(z) + 3*p(z). Determine v(1).
1
Let s(k) = -7*k**2 - 2*k - 1. Suppose 2*j + 0*j = 6. Suppose 3*d = -3*h - 6, -5*d - j*h - 7 = -d. Calculate s(d).
-6
Let w(p) = 3*p - 6*p**2 + 4*p - 1 + 5*p**2. Determine w(7).
-1
Let h = -4 - -4. Let c = 2 - h. Let p(k) = k**3 + 5*k**2 + k + 2 - 2*k**c - 8*k + 3*k. Calculate p(-4).
2
Let a(y) = 6*y - 2. Let c(s) = -4*s + 1. Let r(w) = -3*a(w) - 5*c(w). Suppose 2*h + 0 = -6. Let q be ((-4)/h)/((-4)/(-6)). Give r(q).
5
Let c(z) = -z**2 + 3*z + 1. Let q(k) = -k**2 - 10*k - 19. Let a be q(-8). Calculate c(a).
-17
Let a(s) be the third derivative of -s**4/24 - 40*s**2. Determine a(-2).
2
Let b(c) = -5*c**2 - 4*c - 3. Suppose -3*r + 3 = -3*t, -2*t + 5*r = 11 - 12. Calculate b(t).
-15
Let u(q) = 5*q**3 - q. Let t = -19 - -18. Give u(t).
-4
Let a(f) = -33 + 21 - f**3 - f + 0*f**2 + f**2 + 2*f**3. Calculate a(0).
-12
Let a(f) = -f**2 - 2*f + 4. Suppose -j - 2*y - 4 = -0*j, 2*y - 4 = j. Give a(j).
-4
Let a(g) be the second derivative of -g**3/3 - 4*g**2 - 36*g. Calculate a(-7).
6
Let q = 30 + -28. Suppose -q*f + 3 = 1. Let r(k) = -3*k**3 - k**2 + k. Give r(f).
-3
Let b(j) be the second derivative of j**3/2 - 19*j. Give b(-4).
-12
Let m(g) = g**3 + 5*g**2 - 4*g - 4. Let o(f) = f**3 + 6*f**2 - 5*f - 5. Let i(q) = -5*m(q) + 4*o(q). What is i(2)?
-12
Let c(m) = -7*m**2 - 11*m + 8. Let h(x) = -3*x**2 - 5*x + 4. Let j(i) = -4*c(i) + 9*h(i). Determine j(0).
4
Let j(i) be the second derivative of -2*i**3/3 + i**2 - 13*i. Let x = -8 + 10. Give j(x).
-6
Let v(n) = -n - 1. Let l(s) = 5*s + 7. Let g(c) = -l(c) - 6*v(c). What is g(-6)?
-7
Let c(g) = -6*g**2 - g + 6. Let h(o) = -7*o**2 + 7. Let s(m) = 6*c(m) - 5*h(m). Give s(-6).
1
Let q(a) = -8*a - 1. Let x = -7 + 8. Calculate q(x).
-9
Let x(h) = -h**3 - 6*h**2 + h. Suppose 4*i = -4 - 20. Calculate x(i).
-6
Let w(z) = -9*z**2 - 7 - 10*z**2 - 6*z + 20*z**2. Give w(7).
0
Let g(w) = 2 - w**2 + 0*w**2 + 0*w**2 - 2*w**2. Calculate g(2).
-10
Suppose -h + 0*h = -2. Suppose -h*s + 16 = -s - 5*t, 2*s - 2*t = 8. Let b(z) = 5*z**3 + 2*z - 1. Calculate b(s).
6
Let s(f) be the second derivative of -f**4/12 + 3*f**3/2 + 5*f**2 - 2*f + 4. Give s(10).
0
Let h be -6*(8/(-48))/((-6)/(-4)). Let n(m) be the third derivative of m**2 + 1/12*m**4 + 0*m + h*m**3 + 0. Give n(-6).
-8
Let d(a) = 3 - 5 - 4*a - 3*a. Suppose m = 5*s + 20, -s = 4*m - 4*s - 46. Let i be (-4)/(-3)*(-15)/m. Calculate d(i).
12
Let q(h) = 691*h**2 + h**3 + 2*h - 687*h**2 + 0*h. Let g = 3 - 7. Calculate q(g).
-8
Let d(f) be the first